
What are the prime factors of 38101776?
2, 3, 793787
List the prime factors of 146191245.
3, 5, 17, 573299
What are the prime factors of 2583871976?
2, 7, 46140571
What are the prime factors of 62190777?
3, 11, 17, 6521
What are the prime factors of 434904861?
3, 23, 6302969
What are the prime factors of 818780630?
2, 5, 43, 241, 7901
What are the prime factors of 361909372?
2, 11, 269, 30577
What are the prime factors of 381894704?
2, 31, 151, 5099
What are the prime factors of 30560443?
751, 40693
List the prime factors of 2218255834.
2, 31573, 35129
List the prime factors of 239003496.
2, 3, 3319493
List the prime factors of 24149219.
24149219
List the prime factors of 466492203.
3, 639907
List the prime factors of 1060988314.
2, 530494157
What are the prime factors of 82641951?
3, 7, 145753
List the prime factors of 4825922703.
3, 7, 151, 1521893
List the prime factors of 283505131.
7, 13, 29, 103, 149
What are the prime factors of 4640882243?
1217, 3813379
List the prime factors of 1153016804.
2, 1091, 264211
What are the prime factors of 1549018202?
2, 774509101
What are the prime factors of 142968631?
13, 101, 108887
List the prime factors of 140815744.
2, 1100123
List the prime factors of 10740397.
37, 53, 5477
List the prime factors of 2433028442.
2, 13, 359, 20051
List the prime factors of 3494275392.
2, 3, 937, 19423
What are the prime factors of 257516621?
12923, 19927
What are the prime factors of 195522932?
2, 11, 41, 59, 167
List the prime factors of 3595253.
37, 97169
What are the prime factors of 378261316?
2, 1913, 49433
List the prime factors of 53294870.
2, 5, 673, 7919
What are the prime factors of 3710873930?
2, 5, 29, 37, 71, 4871
List the prime factors of 19837629.
3, 7, 59, 593
List the prime factors of 539537424.
2, 3, 1283, 8761
List the prime factors of 599148870.
2, 3, 5, 4283, 4663
What are the prime factors of 2627961?
3, 7, 125141
List the prime factors of 488694560.
2, 5, 101, 30241
What are the prime factors of 37341934?
2, 7, 1481, 1801
List the prime factors of 1392226429.
11, 126566039
What are the prime factors of 52716033?
3, 5857337
What are the prime factors of 13158181?
191, 68891
What are the prime factors of 122452996?
2, 30613249
What are the prime factors of 8902680?
2, 3, 5, 74189
What are the prime factors of 398966945?
5, 13, 599, 10247
List the prime factors of 81693512.
2, 127, 80407
List the prime factors of 4807693737.
3, 7, 11, 353, 6551
What are the prime factors of 7088791523?
11, 29, 766273
What are the prime factors of 305930417?
13, 2857, 8237
What are the prime factors of 15853374?
2, 3, 173, 1697
List the prime factors of 316559702.
2, 158279851
What are the prime factors of 896484284?
2, 5519, 40609
What are the prime factors of 286732622?
2, 11, 173, 75337
List the prime factors of 129210485.
5, 43, 600979
What are the prime factors of 1354069240?
2, 5, 33851731
What are the prime factors of 2121708793?
191, 11108423
List the prime factors of 122125013.
229, 533297
List the prime factors of 3520263012.
2, 3, 7, 41907893
What are the prime factors of 23741790?
2, 3, 5, 37, 73, 293
What are the prime factors of 55876996?
2, 7, 1995607
What are the prime factors of 85203233?
167, 510199
List the prime factors of 22864547.
2341, 9767
List the prime factors of 2283607605.
3, 5, 152240507
What are the prime factors of 126566510?
2, 5, 7, 258299
What are the prime factors of 805807151?
47, 1117, 15349
What are the prime factors of 938239863?
3, 11, 28431511
What are the prime factors of 1055374327?
7, 43, 1193, 2939
List the prime factors of 584065072.
2, 59, 131, 4723
List the prime factors of 6127465638.
2, 3, 7, 107, 1363477
List the prime factors of 943168958.
2, 23, 20503673
List the prime factors of 1241864560.
2, 5, 15523307
What are the prime factors of 889065528?
2, 3, 13, 29, 97, 1013
List the prime factors of 7644511247.
31, 227, 1086331
What are the prime factors of 68267512?
2, 17, 501967
List the prime factors of 209999923.
7, 29999989
What are the prime factors of 36514409?
19, 23, 83557
What are the prime factors of 37603157?
131, 287047
What are the prime factors of 5103071172?
2, 3, 47250659
What are the prime factors of 61782562?
2, 30891281
What are the prime factors of 59466089?
59466089
What are the prime factors of 2028994009?
7, 41408041
List the prime factors of 475645230.
2, 3, 5, 509, 3461
List the prime factors of 56541887.
4289, 13183
List the prime factors of 465692694.
2, 3, 77615449
List the prime factors of 23503719.
3, 7834573
List the prime factors of 2367078013.
163, 14521951
List the prime factors of 237131932.
2, 19, 23, 293, 463
List the prime factors of 1386453726.
2, 3, 7, 113, 4637
List the prime factors of 232036042.
2, 7, 163, 101681
What are the prime factors of 260460718?
2, 7, 43, 432659
List the prime factors of 4113347602.
2, 7, 13, 22600811
List the prime factors of 11319360.
2, 3, 5, 13, 907
List the prime factors of 3888993600.
2, 3, 5, 90023
What are the prime factors of 507462469?
19, 26708551
What are the prime factors of 448475705?
5, 37, 617, 3929
List the prime factors of 326262569.
31, 10524599
List the prime factors of 464923818.
2, 3, 761, 33941
List the prime factors of 104869508.
2, 26217377
List the prime factors of 756848427.
3, 53, 71, 67043
What are the prime factors of 64694969?
29, 2230861
What are the prime factors of 345390546?
2, 3, 457, 125963
List the prime factors of 7807154632.
2, 67, 83, 113, 1553
What are the prime factors of 424796531?
41, 10360891
List the prime factors of 552248988.
2, 3, 1597, 28817
What are the prime factors of 550490639?
4787, 114997
List the prime factors of 103441303.
7, 167, 12641
List the prime factors of 79367920.
2, 5, 83, 11953
List the prime factors of 164930386.
2, 37, 457, 4877
List the prime factors of 63759690.
2, 3, 5, 17, 29, 479
What are the prime factors of 125590113?
3, 11, 761, 1667
List the prime factors of 3307594115.
5, 7, 353, 267713
List the prime factors of 2402306132.
2, 7649, 78517
List the prime factors of 189848229.
3, 63282743
What are the prime factors of 3404871679?
11, 8317, 37217
What are the prime factors of 104264382?
2, 3, 23, 755539
List the prime factors of 12762075.
3, 5, 263, 647
What are the prime factors of 2799855765?
3, 5, 7, 41, 216791
List the prime factors of 148602443.
11, 13509313
List the prime factors of 2711578552.
2, 338947319
What are the prime factors of 237108474?
2, 3, 773, 17041
List the prime factors of 199793945.
5, 13, 17, 47, 3847
List the prime factors of 259282397.
11, 23571127
What are the prime factors of 5601078?
2, 3, 7, 44453
List the prime factors of 47003256.
2, 3, 647, 1009
What are the prime factors of 42310961?
7, 11, 23, 3413
What are the prime factors of 2290037714?
2, 1163, 984539
List the prime factors of 11746833.
3, 7, 397, 1409
List the prime factors of 271620833.
11, 157, 157279
List the prime factors of 4761134602.
2, 7, 3593, 94651
List the prime factors of 58178725.
5, 11, 211559
What are the prime factors of 825489445?
5, 11, 3539, 4241
List the prime factors of 1385044378.
2, 199, 3480011
List the prime factors of 56317060.
2, 5, 2815853
List the prime factors of 468965554.
2, 29, 8085613
What are the prime factors of 109775316?
2, 3, 7, 1306849
What are the prime factors of 21952138?
2, 13, 41, 20593
List the prime factors of 6756868271.
4597, 1469843
List the prime factors of 109361870.
2, 5, 1451, 7537
List the prime factors of 284121563.
11, 25829233
What are the prime factors of 620483455?
5, 53, 2341447
What are the prime factors of 32291669?
5519, 5851
List the prime factors of 21498630.
2, 3, 5, 716621
List the prime factors of 3433261484.
2, 167, 5139613
What are the prime factors of 1294712330?
2, 5, 129471233
What are the prime factors of 160518547?
7, 22931221
What are the prime factors of 1907590386?
2, 3, 13, 19, 1287173
List the prime factors of 4825430906.
2, 503, 4796651
What are the prime factors of 28291985?
5, 5658397
What are the prime factors of 409550987?
4219, 97073
List the prime factors of 3413823275.
5, 401, 503, 677
What are the prime factors of 50392545?
3, 5, 7, 149, 3221
List the prime factors of 45923202.
2, 3, 13, 229, 857
List the prime factors of 1637557579.
7, 19